it of b?
8
Suppose 2 = 4*b - 114. Let d = b - 17. What is the tens digit of d?
1
Let x = 5197 + -2734. What is the tens digit of x?
6
Let i(h) = 18*h**2 - 19*h + 27. What is the tens digit of i(5)?
8
Suppose -2*d + 21 = 4*f - 1, 0 = 3*d + 3*f - 21. Suppose 6*t = d*t + 285. Suppose 21*a + t = 26*a. What is the tens digit of a?
1
Suppose 2*a - 78 = h, -4 - 35 = -a - 5*h. Let y = a - 35. What is the units digit of y?
4
Let v be 0/1*(-2 + 1). Suppose 3*f - 29 - 16 = v. Let q = -8 + f. What is the units digit of q?
7
Let r be (14/(-21))/(2/(-6)). Suppose 4*v = 16, r*l + l = 3*v + 561. What is the hundreds digit of l?
1
Suppose -18*i - 1428 = -24*i. What is the tens digit of i?
3
Let v be (-4)/20 + (-101)/(-5). Let z = 11 + v. Let i = z + 1. What is the units digit of i?
2
Let b be (1 - 2)/1 + 0. Let w be 15 + b*3/3. Let n = 5 + w. What is the units digit of n?
9
Suppose 2*t = -3*t - 30. Let w be 9/t + 4/8. Let i = w - -2. What is the units digit of i?
1
Suppose -8*v + 8 = -6*v. Suppose -v*h + 208 = -244. What is the units digit of h?
3
Let h(m) = 9*m**2 - 4*m + 10. Let n be h(-5). Let o = n - 137. What is the hundreds digit of o?
1
Suppose 33*d - 34*d = -2769. What is the units digit of d?
9
Suppose -2*u + 4 = -u. Suppose 12 = 4*n - u. What is the units digit of 3/(n - (-29)/(-8))?
8
Let p be ((-4)/1)/(1/(-4)). Suppose 0*h = -4*h + p. What is the units digit of h + (-4 + 0)/(-1)?
8
Let k be (-4)/(3/9*-4). Suppose -k*l + 34 = f, -l = l - 2*f - 20. What is the units digit of 2 + 2 + l - -2?
7
Suppose 0 = -2*d + 2*o + 2924, 3*o = 4*d + o - 5848. What is the units digit of d?
2
Let z = -10 + -4. Let f = 16 + z. What is the units digit of (-54)/(-42) - f/7?
1
Suppose 7*l - 11*l = 1096. Let s = 429 + l. What is the hundreds digit of s?
1
Let f(n) = -78*n**3 + 6*n**2 + 5*n. Let k(r) = 79*r**3 - 7*r**2 - 6*r. Let x(v) = 6*f(v) + 5*k(v). What is the units digit of x(-1)?
4
Let c(o) be the first derivative of 99*o**4/4 + 2*o**3/3 - o + 10. What is the hundreds digit of c(1)?
1
Let x(j) be the second derivative of j**5/15 - j**4 + 5*j**3/6 - 5*j. Let s(h) be the second derivative of x(h). What is the tens digit of s(10)?
5
Let d be (-6)/4*-2 - 29. Let h(p) = -12*p + 31. Let g be h(6). Let l = d - g. What is the units digit of l?
5
Let a = -11 - -10. Let l = a + -3. What is the units digit of 1/l + 21/4?
5
Let v = 0 + 2. Suppose v = 4*y - 30. What is the units digit of y?
8
Let t = -5 + 7. Suppose -t*m + 5*m + 5*a = 271, -189 = -2*m - 5*a. What is the units digit of m?
2
What is the tens digit of 202/(-4)*(-6 + 8)/(-1)?
0
Suppose -5*k - 5*h = -3130, 2*k = 7*k + 2*h - 3121. What is the units digit of k?
3
Suppose 0 = 4*s - 7*s + 660. Suppose 0 = -4*m - m + s. What is the tens digit of m?
4
Let w(d) = -d**3 - 4*d**2 + d. Let c be w(-3). What is the units digit of c/32 - (-59)/8?
7
Suppose 6294 = 54*y - 50*y + j, -5*y + 7873 = 4*j. What is the tens digit of y?
7
Suppose 4*m - 8*m = 2*w - 4, 23 = m - 5*w. What is the hundreds digit of -3 - (-1204)/21*(m + 0)?
1
Let y = 51 + -138. Suppose 33 = 3*c + 2*b + b, -8 = -4*b. What is the units digit of (2 + y/c)*-3?
3
Suppose 57 + 73 = 5*y. Let m = -14 + y. What is the units digit of m?
2
Let w = -6 + 4. Let k(g) = 13*g**2 - g + 1. What is the tens digit of k(w)?
5
Let o(y) = y**2 + 7*y + 10. Let b(m) = -m**3 + 5*m**2 + 6*m - 13. Let r be b(6). What is the tens digit of o(r)?
8
Let u be (0 - 1)*(9 + -11). Suppose -u*j - 1 = -5. Suppose m + 16 = j*m. What is the tens digit of m?
1
Suppose 58*x = 61*x. Suppose v = 1 + 1. Suppose v*z - 12 = 3*z + 4*j, x = 2*z + j - 4. What is the units digit of z?
4
Suppose -6*b + p - 4538 = -9*b, 0 = 2*b - 3*p - 3040. What is the thousands digit of b?
1
Suppose 100 = -4*w - 6*w. What is the units digit of -2*(w/(-12) + 20/(-15))?
1
Suppose 43 = -0*w - w + x, 2*x - 124 = 3*w. Let k = 72 + w. What is the units digit of (4/(-8))/((-1)/k)?
7
What is the hundreds digit of (69*24/90)/((-4)/(-260))?
1
Let b = -5096 - -7770. What is the hundreds digit of b?
6
Let t be 92/3*(-3 + 6). Let q = t + -76. What is the tens digit of q?
1
Let m = -21 + 29. Let n(x) = -x**2 + 7*x + 8. Let k be n(m). Suppose k = 3*q - 2*l - 130, -2*l + 185 = 5*q + l. What is the units digit of q?
0
Let d be ((-102)/8)/((-3)/(-8)). Let k = d + 36. Suppose 4*u - k = 5*q + 228, -4*u - q = -218. What is the tens digit of u?
5
Let v(k) be the first derivative of k**5/20 - k**4/12 + 19*k**2/2 - 2*k + 5. Let l(r) be the first derivative of v(r). What is the tens digit of l(0)?
1
Suppose 0 = -17*t + 27*t - 3860. What is the tens digit of t?
8
Suppose 4*x = -k + 683, 0 = k - 5*k - x + 2807. What is the units digit of k?
3
Let h(q) = 3*q - 39. Let f be h(0). Let b = f + 83. What is the tens digit of b?
4
Let j(m) be the third derivative of -7*m**4/24 - 17*m**3/6 + 5*m**2. Let n(l) = -l**2 - 6*l - 7. Let t be n(-6). What is the tens digit of j(t)?
3
Let b be (-6)/8*(-5 + -4 - -5). What is the hundreds digit of (0 + b)*(-629)/(-17)?
1
Let y = -1516 - -2278. What is the hundreds digit of y?
7
Suppose -10 + 4 = -3*j. Let s be j/(-8) + (-164)/(-16). Suppose -4*m = q - 9, 2 + s = -3*m. What is the tens digit of q?
2
Let m = -572 + 125. Let h = 677 + m. What is the units digit of h?
0
Suppose -2*d - 12 = -5*d. Let b(r) = -r**2 - 2*r + 8. Let g be b(d). Let a = 26 + g. What is the units digit of a?
0
Let u(q) = 4*q**2 - 2. Let a be u(-2). Let v(h) = -10*h - 3 - h**2 + 8*h - 10*h + a. What is the tens digit of v(-11)?
2
What is the hundreds digit of 56/2*(32088/32)/21?
3
Let c = 2071 - 1078. What is the tens digit of c?
9
Let m = -129 - -909. What is the units digit of m?
0
Let k(j) = j**3 - 2*j**2 - j - 4. Let r be k(3). Let u(s) = -3 - 5 + s**r + 4 - 5*s. What is the units digit of u(6)?
2
Suppose -5*v + 1 = 4*s, -8*v = -3*v - s - 6. Let h(a) = 285*a**2 + 2*a + 1. What is the units digit of h(v)?
8
Let t be 6/(0 + -1 + 0). Let h(w) = -w**3 - 5*w**2 + 7*w + 8. Let f be h(t). Let s = f + 6. What is the units digit of s?
8
Let i(u) = 17*u**2 + 51*u + 209. What is the tens digit of i(-16)?
4
Let u = 8030 + -5535. What is the thousands digit of u?
2
Let v(t) = -73*t - 205. What is the tens digit of v(-13)?
4
Let a(u) = -16*u**2 + 16*u - 12. Let m be a(-5). Let r = -259 - m. What is the hundreds digit of r?
2
Let g be 382/3 + 14/21. Suppose -g = -3*r - 3*v + v, -2*r + 64 = -4*v. Suppose i - 38 = -f, i - 2*f - r = -4*f. What is the tens digit of i?
3
Let a(p) = -8*p - 8. Let s(z) = z + 1. Let h(c) = -a(c) - 5*s(c). Let j be 8/(-5)*5/(-2). What is the units digit of h(j)?
5
Suppose 0 = -u + 3*u - 6. Suppose 4*w + 4*b = 4 - 12, u*b = w - 14. Suppose -w*x + 103 = 43. What is the tens digit of x?
3
Suppose 0 = v + 4*m - 94, -5*v - 6*m + 485 = -m. Suppose 0 = 2*q - v - 4. Let p = q + -31. What is the units digit of p?
0
Suppose -a + 5*a - 20 = 0. Suppose -209 = -a*x + 66. What is the units digit of x?
5
Suppose -2*a = o - 276, -4*o - 9*a + 13*a = -1116. What is the tens digit of o?
7
Let j be (-3)/(-9) + 8/3. Suppose 514 = 5*g - 5*b - 6, 316 = j*g - b. What is the tens digit of g?
0
Let c(l) = 5*l**2 - 4*l**2 + 9*l + 3*l**2 + 7. What is the tens digit of c(-3)?
1
Let j be ((-8)/3 - -3)*339. Suppose 7*d - j - 62 = 0. What is the tens digit of d?
2
Suppose t - 4*r = -0*r + 560, 5*r = 4*t - 2218. What is the units digit of t?
2
Let y(t) = -36*t - 682. What is the units digit of y(-47)?
0
Let h = 40 + -28. What is the units digit of (3 - 6) + 6 + h?
5
Let i be 9/2*4/(-6). What is the units digit of 2/((-3)/i)*(29 + -1)?
6
Let b = 919 - -176. What is the units digit of b?
5
Let d(t) = 5*t**2 - 9. What is the tens digit of d(-5)?
1
Let r(t) = 5*t**2 - 6*t - 6. Let f be r(-3). Let u = f + 12. Suppose -2*c - 3*c = -3*k + u, -5*c = -5*k + 105. What is the tens digit of k?
1
Suppose -4*y + 3*y - 2*u - 16 = 0, 3*y - 5*u = -4. Let k = y + 11. Suppose k*d - 53 = -11. What is the units digit of d?
4
Suppose 0*s - s - 2*d + 15 = 0, 5*d + 57 = 2*s. Let r be (-4)/8 + s/(-2). Let u = r - -26. What is the units digit of u?
5
Let a(k) = k**2 - 12*k + 36. Let g be a(7). Let j(p) = 1 - 18*p - 2 + 53*p. What is the units digit of j(g)?
4
Suppose 3*l + 4 = 5*b - 3, 1 = -l + 3*b. Let k(z) = -6 - 6*z - z**2 + 5*z**2 + z**3 + 3*z. What is the units digit of k(l)?
6
Suppose 61